factors of 3260786?
2, 1630393
List the prime factors of 6978298.
2, 43, 53, 1531
What are the prime factors of 18078440?
2, 5, 451961
What are the prime factors of 12729385?
5, 293, 8689
What are the prime factors of 7943312?
2, 13, 38189
List the prime factors of 18967334.
2, 29, 327023
List the prime factors of 14997738.
2, 3, 7, 31, 11519
What are the prime factors of 2194903?
2194903
List the prime factors of 162509.
101, 1609
List the prime factors of 44621.
44621
List the prime factors of 3798268.
2, 949567
What are the prime factors of 14140?
2, 5, 7, 101
What are the prime factors of 6078955?
5, 19, 61, 1049
What are the prime factors of 515462?
2, 257731
What are the prime factors of 501789?
3, 17, 9839
List the prime factors of 87704.
2, 19, 577
What are the prime factors of 17646335?
5, 7, 504181
What are the prime factors of 864263?
17, 50839
What are the prime factors of 84485?
5, 61, 277
List the prime factors of 266152.
2, 17, 19, 103
List the prime factors of 14855681.
14855681
List the prime factors of 70737.
3, 17, 19, 73
What are the prime factors of 284075?
5, 11, 1033
What are the prime factors of 4730692?
2, 17, 73, 953
List the prime factors of 154267.
154267
What are the prime factors of 5429384?
2, 41, 16553
What are the prime factors of 288406?
2, 144203
What are the prime factors of 43470858?
2, 3, 7245143
List the prime factors of 6534001.
17, 23, 983
What are the prime factors of 1535076?
2, 3, 42641
List the prime factors of 2857028.
2, 714257
List the prime factors of 17436.
2, 3, 1453
List the prime factors of 927095.
5, 13, 17, 839
List the prime factors of 200810.
2, 5, 43, 467
List the prime factors of 232381.
232381
List the prime factors of 137464.
2, 17183
What are the prime factors of 925648?
2, 57853
What are the prime factors of 208785?
3, 5, 31, 449
What are the prime factors of 456696?
2, 3, 6343
What are the prime factors of 30448507?
19, 1602553
What are the prime factors of 1505623?
7, 30727
What are the prime factors of 1159122?
2, 3, 61, 3167
List the prime factors of 166862.
2, 83431
List the prime factors of 378143.
23, 41, 401
List the prime factors of 11513983.
13, 131, 6761
List the prime factors of 2786816.
2, 5443
What are the prime factors of 623273?
7, 269, 331
List the prime factors of 331400.
2, 5, 1657
What are the prime factors of 5357491?
409, 13099
List the prime factors of 1933235.
5, 386647
List the prime factors of 185753.
185753
What are the prime factors of 213013?
277, 769
List the prime factors of 537557.
17, 103, 307
List the prime factors of 3735989.
19, 79, 131
What are the prime factors of 830245?
5, 13, 53, 241
What are the prime factors of 3035?
5, 607
What are the prime factors of 302137?
11, 227
What are the prime factors of 405390?
2, 3, 5, 13513
What are the prime factors of 1327202?
2, 663601
What are the prime factors of 10109040?
2, 3, 5, 73, 577
What are the prime factors of 1642013?
17, 96589
What are the prime factors of 3620299?
43, 59, 1427
List the prime factors of 2993845.
5, 313, 1913
What are the prime factors of 2638168?
2, 13, 25367
List the prime factors of 1017832.
2, 47, 2707
What are the prime factors of 293233?
17, 47, 367
What are the prime factors of 12675437?
41, 309157
What are the prime factors of 17257122?
2, 3, 958729
List the prime factors of 1280527.
547, 2341
List the prime factors of 628554.
2, 3, 104759
What are the prime factors of 210791?
7, 30113
List the prime factors of 5959530.
2, 3, 5, 23, 2879
List the prime factors of 761646.
2, 3, 61, 2081
List the prime factors of 674626.
2, 337313
List the prime factors of 8825457.
3, 2941819
What are the prime factors of 74643?
3, 139, 179
List the prime factors of 6798587.
1453, 4679
List the prime factors of 2204005.
5, 53, 8317
List the prime factors of 1037366.
2, 11, 61, 773
What are the prime factors of 4307885?
5, 17, 59, 859
What are the prime factors of 477436?
2, 119359
What are the prime factors of 802640?
2, 5, 79, 127
List the prime factors of 26708493.
3, 7, 1271833
List the prime factors of 167507.
191, 877
What are the prime factors of 574061?
574061
List the prime factors of 17082361.
17082361
What are the prime factors of 859361?
859361
List the prime factors of 18207264.
2, 3, 89, 2131
List the prime factors of 3031457.
11, 13, 17, 29, 43
List the prime factors of 8989549.
17, 47, 11251
List the prime factors of 17912233.
163, 109891
List the prime factors of 4156522.
2, 107, 19423
What are the prime factors of 11497679?
19, 463, 1307
What are the prime factors of 230537?
17, 71, 191
List the prime factors of 1349352.
2, 3, 6247
List the prime factors of 836804.
2, 209201
List the prime factors of 24838.
2, 11, 1129
List the prime factors of 2734872.
2, 3, 7, 73, 223
What are the prime factors of 315435?
3, 5, 17, 1237
What are the prime factors of 2276259?
3, 758753
What are the prime factors of 18717108?
2, 3, 1559759
List the prime factors of 7385918.
2, 1129, 3271
What are the prime factors of 940116?
2, 3, 157, 499
List the prime factors of 311237.
311237
List the prime factors of 128721.
3, 107, 401
What are the prime factors of 8750141?
29, 53, 5693
What are the prime factors of 180802?
2, 90401
What are the prime factors of 348903?
3, 38767
List the prime factors of 4220441.
4220441
List the prime factors of 132024.
2, 3, 5501
List the prime factors of 1168893.
3, 11, 11807
List the prime factors of 198781.
11, 17, 1063
List the prime factors of 809101.
809101
What are the prime factors of 303732?
2, 3, 11, 13, 59
What are the prime factors of 421306?
2, 19, 11087
List the prime factors of 12897598.
2, 7, 921257
List the prime factors of 433281.
3, 144427
List the prime factors of 3094088.
2, 37, 10453
What are the prime factors of 642526?
2, 311, 1033
What are the prime factors of 1215992?
2, 97, 1567
What are the prime factors of 8292866?
2, 853, 4861
List the prime factors of 372107.
372107
What are the prime factors of 2600237?
359, 7243
What are the prime factors of 2798804?
2, 31, 22571
List the prime factors of 757845.
3, 5, 11, 1531
List the prime factors of 290255.
5, 7, 8293
What are the prime factors of 431775?
3, 5, 19, 101
List the prime factors of 1778273.
7, 254039
List the prime factors of 94364.
2, 31, 761
What are the prime factors of 231561?
3, 11, 2339
List the prime factors of 8302441.
7, 1186063
What are the prime factors of 599996?
2, 61, 2459
What are the prime factors of 2462845?
5, 7, 11, 6397
What are the prime factors of 5456?
2, 11, 31
List the prime factors of 145082.
2, 7, 43, 241
List the prime factors of 7883835.
3, 5, 17, 43, 719
List the prime factors of 151288.
2, 18911
List the prime factors of 403064.
2, 50383
What are the prime factors of 19662093?
3, 11, 19, 10453
List the prime factors of 597154.
2, 127, 2351
List the prime factors of 103982.
2, 51991
What are the prime factors of 1760645?
5, 31, 37, 307
What are the prime factors of 1047747?
3, 71, 4919
List the prime factors of 314139.
3, 7, 2137
List the prime factors of 1588835.
5, 47, 6761
What are the prime factors of 2900890?
2, 5, 263, 1103
What are the prime factors of 25402490?
2, 5, 2540249
List the prime factors of 1826380.
2, 5, 53, 1723
List the prime factors of 17204744.
2, 101, 107, 199
List the prime factors of 607189.
11, 17, 191
List the prime factors of 10783181.
67, 227, 709
What are the prime factors of 5140538?
2, 13, 197713
List the prime factors of 357825.
3, 5, 13, 367
What are the prime factors of 5494207?
5494207
List the prime factors of 298920.
2, 3, 5, 47, 53
What are the prime factors of 222640?
2, 5, 11, 23
List the prime factors of 23073878.
2, 11536939
What are the prime factors of 375153?
3, 23, 5437
List the prime factors of 40120.
2, 5, 17, 59
List the prime factors of 434744.
2, 31, 1753
What are the prime factors of 6237585?
3, 5, 97, 1429
List the prime factors of 936504.
2, 3, 13007
What are the prime factors of 328590?
2, 3, 5, 1217
List the prime factors of 23040573.
3, 7680191
List the prime factors of 25144093.
13, 409, 4729
List the prime factors of 952295.
5, 283, 673
List the prime factors of 15007071.
3, 107, 46751
What are the prime factors of 20308511?
19, 419, 2551
What are the prime factors of 16439918?
2, 11, 17